*2 + 1489 - 19*g + 1477. Calculate o(11).
25
Let u(o) = -10*o**3 + 3*o**2 - o - 3. Let h = 9813 - 9814. Give u(h).
11
Let l(i) = 17 - 60 + 12*i**2 - 179610*i + 179615*i - i**3 - 2*i**2. Determine l(10).
7
Suppose 18*g - 68 = 166. Let t(y) = 0*y + 20 - 37 + y + 2*y + g. Determine t(6).
14
Let z(k) be the third derivative of 5*k**4/12 + 67*k**3/3 + 1555*k**2. Calculate z(-13).
4
Let v(x) = 5*x + 11. Let j(b) = -9*b - 21. Let h(q) = -3*j(q) - 5*v(q). Let s(k) = -3*k - 14. Let o(y) = 5*h(y) + 3*s(y). Determine o(5).
3
Let l(o) = -2*o**3 + 2*o**2 + 2*o. Suppose 151 = -7*f + 137. Give l(f).
20
Let q(m) = -31*m + 286. Let y(l) = 1564*l - 1555. Let k be y(1). Calculate q(k).
7
Let z(g) be the second derivative of -7*g**4/12 + 31*g**3/6 - 5*g**2/2 - g - 1943. What is z(4)?
7
Let v(z) be the second derivative of z**7/2520 - z**6/72 + 17*z**5/120 - 13*z**4/12 + 252*z. Let u(p) be the third derivative of v(p). Calculate u(8).
1
Let p(o) = o**2 - 15*o + 8. Let y = 101 + -96. Suppose 4*j - 2*i + i - 57 = 0, 5 = -y*i. Give p(j).
-6
Let y(b) be the second derivative of b**4/4 - 7*b**3/6 - b**2 - 1294*b. Give y(5).
38
Let t(p) be the second derivative of -p**5/20 - 4*p**4/3 - 7*p**3/6 - 117*p**2/2 - 2*p + 2678. What is t(-16)?
-5
Let q = 33 + -26. Let w(a) = -a**2 + 7*a + 2. Let f be w(q). Let x(b) = -f*b - b**2 + 6*b - 3 - 3. Calculate x(4).
-6
Let u(p) = -p**3 + 4*p**2 - 9. Suppose -4*s = 5*j - 4, 592*s = 587*s - 20. Calculate u(j).
-9
Let p(v) = -v**3 + 14*v**2 - 23*v - 13. Suppose 0 = -8*r + 36*r - 222 - 114. Determine p(r).
-1
Let c(p) = -3*p + 42. Let g = -794 - -806. Calculate c(g).
6
Let m = -45 - -44. Let a be 5*(0 - m) + 5 + -7. Suppose 4*u = a*l + 24, 4*l + 2 = 2*u - 20. Let x(i) = -i**3 - 5*i**2 - 4*i + 4. Determine x(l).
4
Let n(j) be the third derivative of 0 + 1/8*j**4 + 198*j**2 + 0*j - 1/6*j**3. Give n(-3).
-10
Let w(n) be the third derivative of n**6/120 - n**5/20 + n**4/24 + n**3/2 + 7*n**2 - 126*n. Determine w(2).
1
Let r(p) = -4*p + 4. Let h(u) = -16*u**2 - 16*u - 4. Let t be h(-4). Let i be (18/21)/((-42)/t). What is r(i)?
-12
Let s(m) = 0 - 6 - 1402634*m**2 + 1402635*m**2 + m**3. Suppose -3*h - 2*v - 6 = h, -4*v = -h + 12. What is s(h)?
-6
Let c(t) = -t**2 - 41*t - 70. Let o be c(-39). Let x(a) = a**3 - 9*a**2 + 7*a. Determine x(o).
-8
Let z(g) = -66*g + 8. Let n(d) = -146*d + 17. Let b(u) = 4*n(u) - 9*z(u). What is b(-2)?
-24
Let g(f) = -2*f + 3. Let b(p) = 7*p**2 + 11*p - 29. Let s(i) = -3*i**2 - 6*i + 14. Let l(v) = -4*b(v) - 9*s(v). Let q be l(6). Let u = q + -12. Determine g(u).
-1
Let u(x) = x**3 + 3*x**2 - x + 1. Let j(s) = -4*s - 14. Let p be j(-4). Let i be u(p). Let g = 20 - i. Let m(d) = d**3 - 3*d**2 + d. What is m(g)?
-1
Let x(s) = -s**3 - 6*s**2 + 2*s + 43. Let p be x(-3). Let o(h) = 8*h - 85. Determine o(p).
-5
Let y(n) = -n**2 + 6 - 7*n**2 + 8 + 3 - 4 + n**3. Give y(8).
13
Let d(o) = o**3 + 6*o**2 + 2*o + 7. Let y = -296 + 299. Let n be (-84)/7*(1 + y/(-6)). Give d(n).
-5
Let h(v) = 2*v - 3. Let w be h(12). Let j(d) = -7 + d + 26*d**2 - 2*d - d**3 - d - w*d**2. Let f be j(3). Let l(r) = -r**3 + 6*r**2 - 3*r - 5. Give l(f).
5
Let p = -17034 + 17017. Let o(m) = -5*m**2 + 37*m - 114. Let i(h) = -3*h**2 + 25*h - 76. Let b(v) = 8*i(v) - 5*o(v). What is b(p)?
-4
Let n(h) be the third derivative of -7*h**4/12 + 9*h**3 - 2*h**2 - 2*h + 1413. Determine n(6).
-30
Let i(x) = -4*x**2 - 3*x**3 + 11*x**2 + 7*x - 28*x**3 - 10 + 48*x**3 - 20*x**3. Give i(3).
-7
Let z = 5873 + -5883. Let u(b) = b**2 + 15*b + 26. What is u(z)?
-24
Let c(s) = -3*s - 7. Suppose 0 = 3*w + 4*l - 2 - 2, 4*w + 3*l = 10. Suppose 0 = -w*y - 18*y - 132. Give c(y).
11
Suppose -18*p = -7*p - 110. Let f(m) = -11*m**2 + 0*m**3 + m**3 + 14*m**2 - p + 13 - 11*m - 13*m**2. Give f(11).
3
Let a(l) be the second derivative of -l**3/3 - 2*l**2 + 116*l - 31. Suppose -1 = -d, 3 + 6 = b + 2*d. What is a(b)?
-18
Let l(f) = -2*f**2 + 14*f - 17. Suppose 0 = -4*m - 4*h + 8, 0 = -11*h + 7*h - 4. Let q(p) = -5*p**2 + 40*p - 49. Let s(d) = m*q(d) - 8*l(d). Calculate s(-10).
9
Let i be (-1)/12 - (976/(-192) + 11). Let x(r) = -2*r**2 - 12*r - 3. Give x(i).
-3
Let u be -26 + 17712/684 + 224/(-38). Let w(s) be the second derivative of -s**4/6 - 3*s**3/2 - s**2/2 + 2*s. Calculate w(u).
-19
Let j(c) be the third derivative of c**4/24 + 2*c**3 + c**2. Let r be 180 + (12 - (-1 - -8)). Suppose 0 = 18*h + r - 59. What is j(h)?
5
Let x(b) = -2*b - 13. Suppose -2 = 5*p - 7*p. Let z be (-30)/(-210) + (0 - p/7). Let j = z - 9. Determine x(j).
5
Let o(n) = n**2 + 6*n + 3. Let g(k) = -k**3 + 6*k**2 + 10*k - 30. Let z be ((-39)/(-3) - -3)/2. Let x be g(z). Let s = x - -72. Calculate o(s).
3
Let w(s) = 7*s**3 - 14*s**2 + 4. Let h(r) = -r**3 + r**2 + r + 1. Let l = -334 + 340. Let t(q) = l*h(q) + w(q). Give t(7).
3
Let u(p) = 35313 - 70637 + 35322 - p + 2*p. Suppose -h = 3*h - 12, -108 = 4*g + 4*h. Let z be g/4 - 1/(-2). What is u(z)?
-9
Let j(l) = l - 643 + 1323 - 645. Calculate j(0).
35
Let r(m) = -m**2 + 16*m - 58. Let u be r(6). Let o(g) be the third derivative of g**6/120 - g**5/20 + 5*g**4/24 - 2*g**3/3 - 8*g**2. Calculate o(u).
2
Let v(h) = -h**2 + 15*h - 17. Suppose -12 = 2*z - 10. Let x be (-33)/(-3) + (1 - z). Determine v(x).
9
Let j(g) = -g**3 + 42*g**2 + 46*g - 132. Let p be j(43). Let a(v) = v**3 + 2*v**2 - 2*v + 8. What is a(p)?
5
Let k(v) = -65*v + 12. Let h(x) = 37*x - 6. Let i(l) = -7*h(l) - 4*k(l). Let c(q) = q**2 - 5*q. Let w be 56/9 - 18/81. Let n be c(w). Determine i(n).
0
Let z be 1032/(-27) + 21/(-27) + 1. Let y be (-10)/(-4) - (-19)/z. Let k(o) = -1 + 2*o**2 - 6*o**2 + 4*o + o**3 - 2*o. Calculate k(y).
-5
Let n(b) be the first derivative of -b**4/4 + 4*b**3/3 + b**2 - 5*b + 82. Determine n(6).
-65
Let w(o) be the second derivative of -1/20*o**5 + 0*o**3 - 34*o - o**2 - 1/2*o**4 + 0. Calculate w(-6).
-2
Let j(r) be the second derivative of r**4/12 - 3*r**3/2 - 15*r**2/2 + 7*r + 6. What is j(9)?
-15
Let g = -653183 - -653184. Let k(c) = -1 + 13*c - 5*c - 2. Calculate k(g).
5
Let x(g) = -7*g**2 - 11. Let l(i) = -10*i**2 + i - 11. Suppose 227 - 230 = -q. Let z(w) = q*x(w) - 2*l(w). Calculate z(0).
-11
Let a(x) = 11*x**3 - 6*x**2 + 18*x - 53. Let i(k) = -25*k**3 + 8*k**2 - 36*k + 105. Let n(f) = -9*a(f) - 4*i(f). Give n(-23).
-58
Let t be -2 - (1 + 1) - 0. Let f be t/(-2) + -4*(9 - 8). Let z(l) = -9*l**2 + 2*l + 3. Give z(f).
-37
Let q(p) be the first derivative of -7*p + 1/6*p**4 - p**2 - 1/6*p**3 + 10. Let v(y) be the first derivative of q(y). Calculate v(-2).
8
Let y(o) = o**3 + 8*o**2 + o - 1. Let k = -383 + 377. Calculate y(k).
65
Let t(l) = -813 - 821 - l**2 + 1702 + l**3. Determine t(0).
68
Suppose 4*l - 7*l = -36. Let h(p) = -p**2 + 10*p + 9. Give h(l).
-15
Let s(d) be the first derivative of 2*d + 1/2*d**2 - 251 - 5/3*d**3. Determine s(-1).
-4
Suppose 0 = 43*z - 158*z + 230. Let x(q) be the second derivative of q**z + 0 - 9*q - 1/2*q**3. What is x(5)?
-13
Let y(n) = -5*n**3 - 72*n**2 + 45*n + 3. Let a be y(-15). Let z(k) = 2*k**2 - 3*k - 12. Determine z(a).
-3
Let j(v) be the third derivative of 1/6*v**3 + 0*v - 37*v**2 - 5/24*v**4 + 1. What is j(-1)?
6
Let d(t) = -2*t**2 - 2*t - 12. Let h(n) = 2*n**3 + 145*n**2 + 70*n - 149. Let c be h(-72). Calculate d(c).
-52
Let c(v) = 2*v**3 - 7*v**2 - 4*v + 12. Let k = -34749 - -34752. Determine c(k).
-9
Let f(o) = -o**2 + 5*o - 7. Let b be f(5). Let x(m) = -11*m + 330. Let l(a) = 13*a - 398. Let k(j) = -5*l(j) - 6*x(j). What is k(b)?
3
Let k(o) = o**2 - 7. Let n = -79 - -66. Suppose 2*h = -4*h + 78. Let s = h + n. Calculate k(s).
-7
Let c be (2 + (-3 - -3))*6/6. Let i(n) = n**2 + 46 + 8*n - 38 - c*n**2. Determine i(7).
15
Let w(t) be the first derivative of 12*t**3 - t**2 + t + 1122. Let d = 2 - 1. Calculate w(d).
35
Let w(y) = 46*y**2 + 2*y. Let v(k) = -k**3 - 8*k**2 + 152*k - 16. Let i be v(-17). Determine w(i).
48
Let c be 2070/495 - 2/11. Suppose -4*n + 5*w = -35, 2*n + w = -w + c. Let k(g) = -2*g**2 + 4*g - 1. Give k(n).
-31
Suppose -3*t = -8*t, 0 = 5*l + 2*t - 20. Let g(o) = 2*o - 5*o + o - l + 3*o. Calculate g(7).
3
Let x(i) = 14*i**2 - i + 6. Let p(v) = 4*v**2 - 39*v + 79. Let t be p(7). Determine x(t).
60
Let a(r) = 5*r + 2 + 0*r + r - 4*r. Suppose -9*n + 7*n = -210. Let k be 6 - n/14 - (-6)/(-4). What is a(k)?
-4
Let r(a)